it of 5835?
8
What is the units digit of 645?
5
What is the units digit of 62228?
8
What is the hundreds digit of 6607?
6
What is the units digit of 255?
5
What is the units digit of 1877?
7
What is the ten thousands digit of 10995?
1
What is the hundreds digit of 12396?
3
What is the hundreds digit of 12922?
9
What is the units digit of 3083?
3
What is the units digit of 643?
3
What is the units digit of 19627?
7
What is the hundreds digit of 700?
7
What is the thousands digit of 1207?
1
What is the ten thousands digit of 36564?
3
What is the hundreds digit of 2705?
7
What is the hundreds digit of 185?
1
What is the hundreds digit of 415?
4
What is the units digit of 2332?
2
What is the tens digit of 44637?
3
What is the tens digit of 489?
8
What is the ten thousands digit of 10912?
1
What is the units digit of 107607?
7
What is the units digit of 8169?
9
What is the thousands digit of 19454?
9
What is the tens digit of 3228?
2
What is the ten thousands digit of 12917?
1
What is the units digit of 286?
6
What is the units digit of 17545?
5
What is the units digit of 83447?
7
What is the units digit of 27579?
9
What is the thousands digit of 9285?
9
What is the units digit of 1328?
8
What is the tens digit of 2693?
9
What is the units digit of 9091?
1
What is the thousands digit of 117273?
7
What is the tens digit of 8772?
7
What is the hundreds digit of 4966?
9
What is the tens digit of 11888?
8
What is the units digit of 13626?
6
What is the units digit of 12109?
9
What is the hundreds digit of 2219?
2
What is the thousands digit of 7126?
7
What is the hundreds digit of 133058?
0
What is the units digit of 414?
4
What is the thousands digit of 4487?
4
What is the units digit of 2014?
4
What is the tens digit of 56360?
6
What is the hundreds digit of 20661?
6
What is the thousands digit of 163561?
3
What is the tens digit of 29843?
4
What is the hundreds digit of 347?
3
What is the units digit of 1398?
8
What is the tens digit of 2186?
8
What is the thousands digit of 5420?
5
What is the ten thousands digit of 93191?
9
What is the hundreds digit of 5615?
6
What is the hundreds digit of 634?
6
What is the thousands digit of 4742?
4
What is the hundreds digit of 9626?
6
What is the units digit of 149606?
6
What is the units digit of 2906?
6
What is the units digit of 85392?
2
What is the hundreds digit of 49031?
0
What is the tens digit of 3524?
2
What is the thousands digit of 3424?
3
What is the hundreds digit of 51573?
5
What is the ten thousands digit of 16423?
1
What is the hundreds digit of 2187?
1
What is the hundreds digit of 4014?
0
What is the thousands digit of 12933?
2
What is the units digit of 20148?
8
What is the hundreds digit of 32455?
4
What is the units digit of 142704?
4
What is the units digit of 2062?
2
What is the units digit of 59977?
7
What is the thousands digit of 1020?
1
What is the hundreds digit of 7183?
1
What is the ten thousands digit of 188661?
8
What is the units digit of 12297?
7
What is the tens digit of 12369?
6
What is the ten thousands digit of 31064?
3
What is the hundreds digit of 13976?
9
What is the thousands digit of 1103?
1
What is the hundreds digit of 1751?
7
What is the ten thousands digit of 84606?
8
What is the units digit of 92174?
4
What is the hundreds digit of 869?
8
What is the tens digit of 4666?
6
What is the ten thousands digit of 52379?
5
What is the hundreds digit of 561?
5
What is the tens digit of 554?
5
What is the hundreds digit of 202?
2
What is the ten thousands digit of 40617?
4
What is the thousands digit of 9354?
9
What is the thousands digit of 45442?
5
What is the units digit of 2191?
1
What is the thousands digit of 3135?
3
What is the tens digit of 58905?
0
What is the units digit of 93267?
7
What is the hundreds digit of 393?
3
What is the units digit of 8229?
9
What is the tens digit of 8497?
9
What is the thousands digit of 2164?
2
What is the hundreds digit of 1308?
3
What is the ten thousands digit of 81280?
8
What is the tens digit of 400?
0
What is the tens digit of 1898?
9
What is the hundreds digit of 122?
1
What is the units digit of 79212?
2
What is the tens digit of 14587?
8
What is the hundreds digit of 991?
9
What is the hundreds digit of 14592?
5
What is the tens digit of 8482?
8
What is the thousands digit of 5338?
5
What is the units digit of 19151?
1
What is the thousands digit of 3744?
3
What is the tens digit of 52038?
3
What is the hundreds digit of 5953?
9
What is the tens digit of 2680?
8
What is the tens digit of 16583?
8
What is the hundreds digit of 9487?
4
What is the units digit of 78938?
8
What is the units digit of 18366?
6
What is the units digit of 1107?
7
What is the units digit of 3661?
1
What is the thousands digit of 1962?
1
What is the units digit of 22832?
2
What is the hundreds digit of 343?
3
What is the units digit of 3885?
5
What is the thousands digit of 1334?
1
What is the tens digit of 6300?
0
What is the ten thousands digit of 43711?
4
What is the thousands digit of 37711?
7
What is the units digit of 31991?
1
What is the hundreds digit of 33802?
8
What is the units digit of 1902?
2
What is the units digit of 2439?
9
What is the ten thousands digit of 12929?
1
What is the thousands digit of 1612?
1
What is the hundreds digit of 31423?
4
What is the tens digit of 432?
3
What is the thousands digit of 6579?
6
What is the thousands digit of 3063?
3
What is the hundreds digit of 4550?
5
What is the ten thousands digit of 24781?
2
What is the thousands digit of 18236?
8
What is the tens digit of 1020?
2
What is the tens digit of 1120?
2
What is the thousands digit of 42780?
2
What is the hundreds digit of 13087?
0
What is the tens digit of 650?
5
What is the tens digit of 37115?
1
What is the thousands digit of 2681?
2
What is the hundreds digit of 1661?
6
What is the units digit of 689?
9
What is the tens digit of 1186?
8
What is the tens digit of 8858?
5
What is the hundreds digit of 746?
7
What is the thousands digit of 1102?
1
What is the tens digit of 13155?
5
What is the units digit of 3927?
7
What is the tens digit of 78291?
9
What is the units digit of 14364?
4
What is the tens digit of 8345?
4
What is the units digit of 905?
5
What is the hundreds digit of 21303?
3
What is the units digit of 295?
5
What is the thousands digit of 25372?
5
What is the tens digit of 49?
4
What is the tens digit of 375?
7
What is the hundreds digit of 12217?
2
What is the tens digit of 1059?
5
What is the tens digit of 44048?
4
What is the hundreds digit of 1646?
6
What is the tens digit of 1268?
6
What is the thousands digit of 70633?
0
What is the thousands digit of 4315?
4
What is the units digit of 4318?
8
What is the tens digit of 2058?
5
What is the thousands digit of 17250?
7
What is the tens digit of 10798?
9
What is the hundreds digit of 714?
7
What is the hundreds digit of 91279?
2
What is the hundreds digit of 4345?
3
What is the units digit of 730?
0
What is the units digit of 3205?
5
What is the units digit of 42709?
9
What is the tens digit of 8143?
4
What is the tens digit of 1165?
6
What is the tens digit of 27375?
7
What is the units digit of 15140?
0
What is the thousands digit of 26000?
6
What is the hundreds digit of 814?
8
What is the units digit of 158117?
7
What is the hundreds digit of 2398?
3
What is the tens digit of 88822?
2
What is the ten thousands digit of 41446?
4
What is the hundreds digit of 670?
6
What is the thousands digit of 1024?
1
What is the tens digit of 839?
3
What is the hundreds digit of 17887?
8
What is the ten thousands digit of 17821?
1
What is the tens digit of 91026?
2
What is the units digit of 703?
3
What is the thousands digit of 1115?
1
What is the units digit of 2133?
3
What is the ten thousands digit of 48073?
4
What is the ten thousands digit of 23244?
2
What is the ten thousands digit of 31816?
3
What is the hundreds digit of 20667?
6
What is the tens digit of 902?
0
What is the tens digit of 45305?
0
What is the hundreds digit of 235?
2
What is the tens digit of 35320?
2
What is the ten thousands digit of 52264?
5
What is the units digit of 17328?
8
What is the tens digit of 271?
7
What is the hundreds digit of 629?
6
What is the units digit of 786?
6
What is the thousands digit of